{"id":8729,"date":"2024-09-26T18:48:28","date_gmt":"2024-09-26T21:48:28","guid":{"rendered":"https:\/\/centroredes.org.ar\/?page_id=8729"},"modified":"2024-09-26T18:48:28","modified_gmt":"2024-09-26T21:48:28","slug":"formulario-regalo-curso","status":"publish","type":"page","link":"https:\/\/centroredes.org.ar\/index.php\/formulario-regalo-curso\/","title":{"rendered":"Formulario para el regalo de un curso"},"content":{"rendered":"\n<div class=\"wpcf7 no-js\" id=\"wpcf7-f8723-o1\" lang=\"es-AR\" dir=\"ltr\">\n<div class=\"screen-reader-response\"><p role=\"status\" aria-live=\"polite\" aria-atomic=\"true\"><\/p> <ul><\/ul><\/div>\n<form action=\"\/index.php\/wp-json\/wp\/v2\/pages\/8729#wpcf7-f8723-o1\" method=\"post\" class=\"wpcf7-form init\" aria-label=\"Formulario de contacto\" novalidate=\"novalidate\" data-status=\"init\">\n<div style=\"display: none;\">\n<input type=\"hidden\" name=\"_wpcf7\" value=\"8723\" \/>\n<input type=\"hidden\" name=\"_wpcf7_version\" value=\"5.9.8\" \/>\n<input type=\"hidden\" name=\"_wpcf7_locale\" value=\"es_AR\" \/>\n<input type=\"hidden\" name=\"_wpcf7_unit_tag\" value=\"wpcf7-f8723-o1\" \/>\n<input type=\"hidden\" name=\"_wpcf7_container_post\" value=\"0\" \/>\n<input type=\"hidden\" name=\"_wpcf7_posted_data_hash\" value=\"\" \/>\n<input type=\"hidden\" name=\"_wpcf7_recaptcha_response\" value=\"\" \/>\n<\/div>\n<p>___________________________________________________________________________<br \/>\n<span style=\"text-decoration: underline; font-size: 14pt; color: #594391;\"><span style=\"text-decoration: underline;\"><strong>Env\u00edo de formulario para el regalo de un curso<\/strong><\/span><\/span><br \/>\n<span style=\"color: #666699;\"><em>Este formulario debe enviarse luego de abonar el curso<\/em><\/span><br \/>\n___________________________________________________________________________\n<\/p>\n<p><span style=\"text-decoration: underline; font-size: 14pt; color: #594391;\"><span style=\"text-decoration: underline;\"><strong>DATOS DE QUIEN ENV\u00cdA EL REGALO DEL CURSO<\/strong><\/span><\/span>\n<\/p>\n<p><label> Nombre de quien realiza el regalo<br \/>\n<span class=\"wpcf7-form-control-wrap\" data-name=\"your-name\"><input size=\"40\" maxlength=\"400\" class=\"wpcf7-form-control wpcf7-text wpcf7-validates-as-required\" autocomplete=\"name\" aria-required=\"true\" aria-invalid=\"false\" value=\"\" type=\"text\" name=\"your-name\" \/><\/span> <\/label>\n<\/p>\n<p><label> Correo electr\u00f3nico de quien realiza el regalo<br \/>\n<span class=\"wpcf7-form-control-wrap\" data-name=\"your-email\"><input size=\"40\" maxlength=\"400\" class=\"wpcf7-form-control wpcf7-email wpcf7-validates-as-required wpcf7-text wpcf7-validates-as-email\" autocomplete=\"email\" aria-required=\"true\" aria-invalid=\"false\" value=\"\" type=\"email\" name=\"your-email\" \/><\/span> <\/label>\n<\/p>\n<p><label> Mensaje para el Centro REDES (opcional)<br \/>\n<span class=\"wpcf7-form-control-wrap\" data-name=\"texto-para-redes\"><textarea cols=\"40\" rows=\"10\" maxlength=\"2000\" class=\"wpcf7-form-control wpcf7-textarea\" aria-invalid=\"false\" placeholder=\"Escrib\u00ed ac\u00e1 lo que quieras comunicarnos a nosotros. Pod\u00e9s agregar ac\u00e1 el n\u00famero del comprobante de pago, el nombre o el mail del titular de la cuenta desde donde abonaste, el nombre del curso o lo que necesites comunicarnos. Este texto NO se env\u00eda a quien recibe el regalo.\" name=\"texto-para-redes\"><\/textarea><\/span> <\/label>\n<\/p>\n<p><label> Mensaje personal para enviarle a quien se le realiza el regalo (opcional)<br \/>\n<span class=\"wpcf7-form-control-wrap\" data-name=\"your-message\"><textarea cols=\"40\" rows=\"10\" maxlength=\"2000\" class=\"wpcf7-form-control wpcf7-textarea\" aria-invalid=\"false\" placeholder=\"Escrib\u00ed ac\u00e1 lo que quieras transmitirle a quien le haces este regalo, lo recibir\u00e1 en nuestro mail como un mensaje de tu parte.\" name=\"your-message\"><\/textarea><\/span> <\/label>\n<\/p>\n<p>___________________________________________________________________________\n<\/p>\n<p><span style=\"text-decoration: underline; font-size: 14pt; color: #594391;\"><span style=\"text-decoration: underline;\"><strong>DATOS DE QUIEN RECIBE EL REGALO DEL CURSO<\/strong><\/span><\/span>\n<\/p>\n<p><label> Nombre de quien recibir\u00e1 el regalo<br \/>\n<span class=\"wpcf7-form-control-wrap\" data-name=\"destinatario-name\"><input size=\"40\" maxlength=\"400\" class=\"wpcf7-form-control wpcf7-text wpcf7-validates-as-required\" aria-required=\"true\" aria-invalid=\"false\" value=\"\" type=\"text\" name=\"destinatario-name\" \/><\/span> <\/label>\n<\/p>\n<p><label> Correo electr\u00f3nico de quien recibir\u00e1 el regalo<br \/>\n<span class=\"wpcf7-form-control-wrap\" data-name=\"destinatario-email\"><input size=\"40\" maxlength=\"400\" class=\"wpcf7-form-control wpcf7-email wpcf7-validates-as-required wpcf7-text wpcf7-validates-as-email\" autocomplete=\"email\" aria-required=\"true\" aria-invalid=\"false\" value=\"\" type=\"email\" name=\"destinatario-email\" \/><\/span> <\/label>\n<\/p>\n<p>___________________________________________________________________________<br \/>\n<span style=\"color: #666699;\"><em>La comunicaci\u00f3n al destinatario se enviar\u00e1<\/em><\/span><br \/>\n<span style=\"color: #666699;\"><em> dentro de las 24hs. de acreditado el pago.<\/em><\/span>\n<\/p>\n<p><input class=\"wpcf7-form-control wpcf7-submit has-spinner\" type=\"submit\" value=\"Enviar\" \/>\n<\/p>\n<p>Este formulario usa Akismet para reducir el spam.\n<\/p><p style=\"display: none !important;\" class=\"akismet-fields-container\" data-prefix=\"_wpcf7_ak_\"><label>&#916;<textarea name=\"_wpcf7_ak_hp_textarea\" cols=\"45\" rows=\"8\" maxlength=\"100\"><\/textarea><\/label><input type=\"hidden\" id=\"ak_js_1\" name=\"_wpcf7_ak_js\" value=\"16\"\/><script>document.getElementById( \"ak_js_1\" ).setAttribute( \"value\", ( new Date() ).getTime() );<\/script><\/p><div class=\"wpcf7-response-output\" aria-hidden=\"true\"><\/div>\n<\/form>\n<\/div>\n\n","protected":false},"excerpt":{"rendered":"","protected":false},"author":2,"featured_media":0,"parent":0,"menu_order":0,"comment_status":"closed","ping_status":"closed","template":"","meta":{"_acf_changed":false,"_uag_custom_page_level_css":"","footnotes":""},"class_list":["post-8729","page","type-page","status-publish","hentry"],"acf":[],"uagb_featured_image_src":{"full":false,"thumbnail":false,"medium":false,"medium_large":false,"large":false,"tf-client-image-size":false,"1536x1536":false,"2048x2048":false,"trp-custom-language-flag":false,"widget-thumbnail":false,"education-zone-banner":false,"education-zone-image-full":false,"education-zone-image":false,"education-zone-recent-post":false,"education-zone-search-result":false,"education-zone-featured-course":false,"education-zone-testimonial":false,"education-zone-blog-full":false,"sow-carousel-default":false},"uagb_author_info":{"display_name":"Jorge Atrio","author_link":"https:\/\/centroredes.org.ar\/index.php\/author\/centro-redes\/"},"uagb_comment_info":0,"uagb_excerpt":null,"rttpg_featured_image_url":null,"rttpg_author":{"display_name":"Jorge Atrio","author_link":"https:\/\/centroredes.org.ar\/index.php\/author\/centro-redes\/"},"rttpg_comment":0,"rttpg_category":null,"rttpg_excerpt":null,"_links":{"self":[{"href":"https:\/\/centroredes.org.ar\/index.php\/wp-json\/wp\/v2\/pages\/8729","targetHints":{"allow":["GET"]}}],"collection":[{"href":"https:\/\/centroredes.org.ar\/index.php\/wp-json\/wp\/v2\/pages"}],"about":[{"href":"https:\/\/centroredes.org.ar\/index.php\/wp-json\/wp\/v2\/types\/page"}],"author":[{"embeddable":true,"href":"https:\/\/centroredes.org.ar\/index.php\/wp-json\/wp\/v2\/users\/2"}],"replies":[{"embeddable":true,"href":"https:\/\/centroredes.org.ar\/index.php\/wp-json\/wp\/v2\/comments?post=8729"}],"version-history":[{"count":1,"href":"https:\/\/centroredes.org.ar\/index.php\/wp-json\/wp\/v2\/pages\/8729\/revisions"}],"predecessor-version":[{"id":8730,"href":"https:\/\/centroredes.org.ar\/index.php\/wp-json\/wp\/v2\/pages\/8729\/revisions\/8730"}],"wp:attachment":[{"href":"https:\/\/centroredes.org.ar\/index.php\/wp-json\/wp\/v2\/media?parent=8729"}],"curies":[{"name":"wp","href":"https:\/\/api.w.org\/{rel}","templated":true}]}}