{"id":41,"date":"2017-12-13T18:13:15","date_gmt":"2017-12-13T21:13:15","guid":{"rendered":"https:\/\/centroredes.miurl.com.ar\/?page_id=41"},"modified":"2017-12-22T10:48:24","modified_gmt":"2017-12-22T13:48:24","slug":"politica-y-gestion-del-conocimiento","status":"publish","type":"page","link":"https:\/\/centroredes.org.ar\/index.php\/areas\/politica-y-gestion-del-conocimiento\/","title":{"rendered":"Pol\u00edtica y gesti\u00f3n del conocimiento"},"content":{"rendered":"<p>En esta \u00c1rea las actividades se orientan, b\u00e1sicamente, en dos l\u00edneas de investigaci\u00f3n que comprenden los siguientes temas:<\/p>\n<p><b>Pol\u00edtica cient\u00edfica y tecnol\u00f3gica<\/b><\/p>\n<p>&#8211; \u00a0Indicadores de ciencia y tecnolog\u00eda<br \/>\n&#8211; \u00a0Estudios de pol\u00edticas comparadas de ciencia y tecnolog\u00eda<br \/>\n&#8211; \u00a0Pol\u00edticas para la sociedad de la informaci\u00f3n<br \/>\n<b><br \/>\nGesti\u00f3n de la ciencia, la tecnolog\u00eda y la innovaci\u00f3n<\/b><\/p>\n<p>&#8211; \u00a0Instrumentos de gesti\u00f3n y evaluaci\u00f3n de la ciencia y la tecnolog\u00eda<br \/>\n&#8211; \u00a0Gesti\u00f3n de la innovaci\u00f3n y de la vinculaci\u00f3n universidad empresa.<\/p>\n","protected":false},"excerpt":{"rendered":"<p>En esta \u00c1rea las actividades se orientan, b\u00e1sicamente, en dos l\u00edneas de investigaci\u00f3n que comprenden los siguientes temas: Pol\u00edtica cient\u00edfica &hellip; <\/p>\n","protected":false},"author":1,"featured_media":0,"parent":297,"menu_order":0,"comment_status":"closed","ping_status":"closed","template":"","meta":{"_acf_changed":false,"_uag_custom_page_level_css":"","footnotes":""},"class_list":["post-41","page","type-page","status-publish","hentry"],"acf":[],"uagb_featured_image_src":{"full":false,"thumbnail":false,"medium":false,"medium_large":false,"large":false,"tf-client-image-size":false,"1536x1536":false,"2048x2048":false,"trp-custom-language-flag":false,"widget-thumbnail":false,"education-zone-banner":false,"education-zone-image-full":false,"education-zone-image":false,"education-zone-recent-post":false,"education-zone-search-result":false,"education-zone-featured-course":false,"education-zone-testimonial":false,"education-zone-blog-full":false,"sow-carousel-default":false},"uagb_author_info":{"display_name":"geminis","author_link":"https:\/\/centroredes.org.ar\/index.php\/author\/geminis\/"},"uagb_comment_info":0,"uagb_excerpt":"En esta \u00c1rea las actividades se orientan, b\u00e1sicamente, en dos l\u00edneas de investigaci\u00f3n que comprenden los siguientes temas: Pol\u00edtica cient\u00edfica &hellip;","rttpg_featured_image_url":null,"rttpg_author":{"display_name":"geminis","author_link":"https:\/\/centroredes.org.ar\/index.php\/author\/geminis\/"},"rttpg_comment":0,"rttpg_category":null,"rttpg_excerpt":"En esta \u00c1rea las actividades se orientan, b\u00e1sicamente, en dos l\u00edneas de investigaci\u00f3n que comprenden los siguientes temas: Pol\u00edtica cient\u00edfica &hellip;","_links":{"self":[{"href":"https:\/\/centroredes.org.ar\/index.php\/wp-json\/wp\/v2\/pages\/41","targetHints":{"allow":["GET"]}}],"collection":[{"href":"https:\/\/centroredes.org.ar\/index.php\/wp-json\/wp\/v2\/pages"}],"about":[{"href":"https:\/\/centroredes.org.ar\/index.php\/wp-json\/wp\/v2\/types\/page"}],"author":[{"embeddable":true,"href":"https:\/\/centroredes.org.ar\/index.php\/wp-json\/wp\/v2\/users\/1"}],"replies":[{"embeddable":true,"href":"https:\/\/centroredes.org.ar\/index.php\/wp-json\/wp\/v2\/comments?post=41"}],"version-history":[{"count":2,"href":"https:\/\/centroredes.org.ar\/index.php\/wp-json\/wp\/v2\/pages\/41\/revisions"}],"predecessor-version":[{"id":43,"href":"https:\/\/centroredes.org.ar\/index.php\/wp-json\/wp\/v2\/pages\/41\/revisions\/43"}],"up":[{"embeddable":true,"href":"https:\/\/centroredes.org.ar\/index.php\/wp-json\/wp\/v2\/pages\/297"}],"wp:attachment":[{"href":"https:\/\/centroredes.org.ar\/index.php\/wp-json\/wp\/v2\/media?parent=41"}],"curies":[{"name":"wp","href":"https:\/\/api.w.org\/{rel}","templated":true}]}}