{"id":39,"date":"2017-12-13T18:10:46","date_gmt":"2017-12-13T21:10:46","guid":{"rendered":"https:\/\/centroredes.miurl.com.ar\/?page_id=39"},"modified":"2018-02-14T12:40:36","modified_gmt":"2018-02-14T15:40:36","slug":"capacidades","status":"publish","type":"page","link":"https:\/\/centroredes.org.ar\/index.php\/institucional\/capacidades\/","title":{"rendered":"Capacidades"},"content":{"rendered":"<p>El Centro REDES cuenta con reconocida capacidad acad\u00e9mica y profesional en las siguientes \u00e1reas de competencia:<\/p>\n<p><strong>&#8211; Implementaci\u00f3n de un amplio abanico de t\u00e9cnicas de an\u00e1lisis<\/strong>. Tanto en los proyectos de investigaci\u00f3n como en los trabajos de consultor\u00eda se cuenta con competencias espec\u00edficas para la implementaci\u00f3n de t\u00e9cnicas de an\u00e1lisis de base cuantitativa (encuestas a peque\u00f1a y gran escala) como cualitativas (entrevistas en profundidad, grupos focales, an\u00e1lisis de contenido, m\u00e9todos Delphi, etc.). La combinaci\u00f3n de estas competencias se traducen en una ejecuci\u00f3n solvente tanto en las fases iniciales de dise\u00f1o, prueba, ajuste y aplicaci\u00f3n de cuestionarios, hasta las etapas posteriores de organizaci\u00f3n y supervisi\u00f3n de trabajos de campo, construcci\u00f3n de bases de datos, vaciado de informaci\u00f3n, depuraci\u00f3n, explotaci\u00f3n y elaboraci\u00f3n de informes seg\u00fan distintas necesidades.<\/p>\n<p><strong>&#8211; Producci\u00f3n de indicadores e informaci\u00f3n estad\u00edstica.<\/strong>\u00a0La coordinaci\u00f3n de la Red Iberoamericana de Indicadores de Ciencia y Tecnolog\u00eda (RICYT) ha permitido la generaci\u00f3n de importantes capacidades en el desarrollo de indicadores e informaci\u00f3n estad\u00edstica en diferentes \u00e1mbitos de la ciencia, la tecnolog\u00eda y la sociedad (indicadores de financiamiento, recursos humanos, innovaci\u00f3n, bibliometr\u00eda, indicadores de patentes, percepci\u00f3n p\u00fablica, impacto social, etc\u00e9tera)<\/p>\n<p><strong>&#8211; Procesamiento y an\u00e1lisis de informaci\u00f3n.<\/strong>\u00a0Esto implica el procesamiento de grandes vol\u00famenes de informaci\u00f3n, con experiencia en el desarrollo inform\u00e1tico y manejo de bases de datos en diferentes formatos.<\/p>\n<p><strong>&#8211; Desarrollo de entornos Web.<\/strong>\u00a0En el marco del apoyo a proyectos de investigaci\u00f3n, se han generado capacidades internas para la creaci\u00f3n de entornos Web como, por ejemplo, la realizaci\u00f3n de encuestas en l\u00ednea y ambientes de gesti\u00f3n de proyectos y presentaci\u00f3n de sus resultados.<\/p>\n<p><strong>&#8211; Formaci\u00f3n de recursos humanos.<\/strong>\u00a0Se destacan dos l\u00edneas de trabajo centrales, por una parte, el dictado de la Maestr\u00eda en Gesti\u00f3n de la Ciencia, la Tecnolog\u00eda y la Innovaci\u00f3n. Por otra, el programa de capacitaci\u00f3n a distancia que a trav\u00e9s de cursos\/seminarios virtuales de postgrado y de especializaci\u00f3n profesional se promueve una instancia de formaci\u00f3n continua orientada a todo el \u00e1mbito iberoamericano.<\/p>\n<p><strong>&#8211; Edici\u00f3n y publicaci\u00f3n de materiales acad\u00e9micos.<\/strong>\u00a0La revista CTS y otras publicaciones t\u00e9cnicas y acad\u00e9micas suponen una consolidaci\u00f3n de esta capacidad t\u00e9cnica del centro.<\/p>\n","protected":false},"excerpt":{"rendered":"<p>El Centro REDES cuenta con reconocida capacidad acad\u00e9mica y profesional en las siguientes \u00e1reas de competencia: &#8211; Implementaci\u00f3n de un &hellip; <\/p>\n","protected":false},"author":1,"featured_media":0,"parent":31,"menu_order":2,"comment_status":"closed","ping_status":"closed","template":"","meta":{"_acf_changed":false,"_uag_custom_page_level_css":"","footnotes":""},"class_list":["post-39","page","type-page","status-publish","hentry"],"acf":[],"uagb_featured_image_src":{"full":false,"thumbnail":false,"medium":false,"medium_large":false,"large":false,"tf-client-image-size":false,"1536x1536":false,"2048x2048":false,"trp-custom-language-flag":false,"widget-thumbnail":false,"education-zone-banner":false,"education-zone-image-full":false,"education-zone-image":false,"education-zone-recent-post":false,"education-zone-search-result":false,"education-zone-featured-course":false,"education-zone-testimonial":false,"education-zone-blog-full":false,"sow-carousel-default":false},"uagb_author_info":{"display_name":"geminis","author_link":"https:\/\/centroredes.org.ar\/index.php\/author\/geminis\/"},"uagb_comment_info":0,"uagb_excerpt":"El Centro REDES cuenta con reconocida capacidad acad\u00e9mica y profesional en las siguientes \u00e1reas de competencia: &#8211; Implementaci\u00f3n de un &hellip;","rttpg_featured_image_url":null,"rttpg_author":{"display_name":"geminis","author_link":"https:\/\/centroredes.org.ar\/index.php\/author\/geminis\/"},"rttpg_comment":0,"rttpg_category":null,"rttpg_excerpt":"El Centro REDES cuenta con reconocida capacidad acad\u00e9mica y profesional en las siguientes \u00e1reas de competencia: &#8211; Implementaci\u00f3n de un &hellip;","_links":{"self":[{"href":"https:\/\/centroredes.org.ar\/index.php\/wp-json\/wp\/v2\/pages\/39","targetHints":{"allow":["GET"]}}],"collection":[{"href":"https:\/\/centroredes.org.ar\/index.php\/wp-json\/wp\/v2\/pages"}],"about":[{"href":"https:\/\/centroredes.org.ar\/index.php\/wp-json\/wp\/v2\/types\/page"}],"author":[{"embeddable":true,"href":"https:\/\/centroredes.org.ar\/index.php\/wp-json\/wp\/v2\/users\/1"}],"replies":[{"embeddable":true,"href":"https:\/\/centroredes.org.ar\/index.php\/wp-json\/wp\/v2\/comments?post=39"}],"version-history":[{"count":5,"href":"https:\/\/centroredes.org.ar\/index.php\/wp-json\/wp\/v2\/pages\/39\/revisions"}],"predecessor-version":[{"id":1512,"href":"https:\/\/centroredes.org.ar\/index.php\/wp-json\/wp\/v2\/pages\/39\/revisions\/1512"}],"up":[{"embeddable":true,"href":"https:\/\/centroredes.org.ar\/index.php\/wp-json\/wp\/v2\/pages\/31"}],"wp:attachment":[{"href":"https:\/\/centroredes.org.ar\/index.php\/wp-json\/wp\/v2\/media?parent=39"}],"curies":[{"name":"wp","href":"https:\/\/api.w.org\/{rel}","templated":true}]}}