{"id":321,"date":"2017-12-21T00:30:26","date_gmt":"2017-12-21T03:30:26","guid":{"rendered":"https:\/\/centroredes.miurl.com.ar\/?page_id=321"},"modified":"2021-03-30T19:42:14","modified_gmt":"2021-03-30T22:42:14","slug":"programa-de-becas","status":"publish","type":"page","link":"https:\/\/centroredes.org.ar\/index.php\/cursos\/programa-de-becas\/","title":{"rendered":"Programa de Becas"},"content":{"rendered":"<table width=\"807\">\n<tbody>\n<tr>\n<td class=\"tituloCapacitacion\" colspan=\"3\">&nbsp;<\/p>\n<h2><strong>Objetivo y Alcance<\/strong><\/h2>\n<\/td>\n<\/tr>\n<tr>\n<td class=\"parrafo3\" colspan=\"3\"><\/td>\n<\/tr>\n<tr>\n<td class=\"parrafo3\" colspan=\"3\">El programa de becas del Centro REDES tiene por objeto llevar adelante una medida de apoyo concreta para promover la capacitaci\u00f3n y el desarrollo profesional de estudiantes, docentes, investigadores, becarios, t\u00e9cnicos y de todo el personal que desempe\u00f1e tareas afines y\/o aplicables a las distintas actividades del \u00e1mbito de la ciencia, la tecnolog\u00eda y la innovaci\u00f3n en nuestra regi\u00f3n. En el marco espec\u00edfico de la gesti\u00f3n p\u00fablica y privada, con especial \u00e9nfasis en las \u00e1reas de CyT+I, se busca tambi\u00e9n fomentar las mejores pr\u00e1cticas a trav\u00e9s de la capacitaci\u00f3n continua que se ofrece en la plataforma virtual del Centro REDES. Por ello, el alcance de aplicaci\u00f3n de estas becas promueve la participaci\u00f3n de interesados de toda la regi\u00f3n Iberoamericana, con el convencimiento de la necesidad de integraci\u00f3n de las capacidades de los recursos humanos de nuestros pa\u00edses.<\/td>\n<\/tr>\n<tr>\n<td colspan=\"3\"><\/td>\n<\/tr>\n<tr>\n<td colspan=\"3\">\n<h2><strong>\u00a0<\/strong><\/h2>\n<h2><strong>Tipos de Becas y Cupos<\/strong><\/h2>\n<\/td>\n<\/tr>\n<tr>\n<td colspan=\"3\">&nbsp;<\/p>\n<p><strong>Se otorgan dos tipos de becas:\u00a0\u00a0 <\/strong><\/p>\n<ul>\n<li>Beca tipo\u00a0<strong>&#8220;A&#8221;<\/strong>, brinda una cobertura del\u00a0\u00a0<strong><u>100%<\/u>\u00a0\u00a0<\/strong>del arancel del curso<\/li>\n<li>Beca tipo\u00a0<strong>&#8220;B&#8221;<\/strong>, brinda una cobertura del\u00a0\u00a0\u00a0<strong><u>50%<\/u>\u00a0\u00a0\u00a0<\/strong>del arancel del curso<\/li>\n<\/ul>\n<p>&nbsp;<\/td>\n<\/tr>\n<tr>\n<td colspan=\"3\">El valor correspondiente al 50% restante de la beca tipo &#8220;B&#8221; deber\u00e1 ser afrontado por el postulante beneficiado en los t\u00e9rminos y plazos establecidos para el pago del arancel regular del curso al que se presente. Dicho monto no es acumulable con otros beneficios de descuento que otorga el Centro REDES\u00a0<a href=\"https:\/\/centroredes.org.ar\/index.php?option=com_content&amp;view=article&amp;id=258&amp;Itemid=49\"><em>(ver otros descuentos aqu\u00ed)<\/em><\/a>. Las becas no aplican sobre las matr\u00edculas de las diplomaturas, s\u00ed lo hacen en forma independiente sobre el valor de las cuotas de los cursos que componen las diplomaturas.<\/td>\n<\/tr>\n<tr>\n<td colspan=\"3\">Por cada curso que ofrece el Centro REDES en su plataforma de capacitaci\u00f3n a distancia se otorgan hasta:<\/td>\n<\/tr>\n<tr>\n<td colspan=\"3\"><strong>1 beca tipo &#8220;A&#8221;<\/strong>\u00a0 y\u00a0\u00a0<strong>2 becas tipo &#8220;B&#8221;<\/strong><\/td>\n<\/tr>\n<tr>\n<td colspan=\"3\"><\/td>\n<\/tr>\n<tr>\n<td colspan=\"3\">De esta manera el programa de becas del Centro REDES pone anualmente a disposici\u00f3n de la comunidad una cantidad superior a 50 becas tipo &#8220;A&#8221; y m\u00e1s de 100 becas tipo &#8220;B&#8221;.<\/td>\n<\/tr>\n<tr>\n<td colspan=\"3\"><\/td>\n<\/tr>\n<tr>\n<td colspan=\"3\">\n<h2><\/h2>\n<h2><strong>\u00a0Condiciones y Requisitos para obtener las becas<\/strong><\/h2>\n<\/td>\n<\/tr>\n<tr>\n<td class=\"parrafo3\" colspan=\"3\"><\/td>\n<\/tr>\n<tr>\n<td class=\"parrafo3\" colspan=\"3\">\n<ul>\n<li>Para ambos tipos de becas se promueven las presentaciones de postulantes de toda la regi\u00f3n Iberoamericana. En el proceso de selecci\u00f3n de los benefiaciarios se valorar\u00e1n especialmente las presentaciones provenientes de instituciones relacionadas al \u00e1mbito cient\u00edfico tecnol\u00f3gico.<\/li>\n<li>Se solicitar\u00e1 a los postulantes una nota de aval de una autoridad de la instituci\u00f3n a la que pertenece o de un representante acad\u00e9mico (docente universitario, investigador, etc.) que brinde su apoyo al requerimiento de la beca.<\/li>\n<li>S\u00f3lo es posible postularse a un tipo de beca por semestre y por curso. En caso de recibirse m\u00e1s de una solicitud del mismo postulante en el mismo semestre (sea para el mismo curso o para cursos distintos) quedar\u00e1n sin efecto todas las presentaciones.<\/li>\n<li>Quienes hayan sido beneficiados con la obtenci\u00f3n de una beca deber\u00e1n dejar pasar al menos un semestre luego de haber cursado para volver a postularse en el Programa de Becas del Centro REDES.<\/li>\n<li><strong>Antes de enviar la solicitud de beca es requisito indispensable que el postulante realice su inscripci\u00f3n al curso<\/strong> (solo la inscripci\u00f3n, no el pago de la matr\u00edcula). <strong>Las solicitudes de beca correspondientes a postulantes no inscriptos <span style=\"color: #ff0000;\">ser\u00e1n desestimadas<\/span><\/strong>.<\/li>\n<li>Las presentaciones se podr\u00e1n realizar hasta 10 (diez) d\u00edas antes de la fecha de inicio del curso al que se postula y mientras se encuentre abierta la inscripci\u00f3n al mismo -la situaci\u00f3n que primero ocurra-, toda presentaci\u00f3n posterior no ser\u00e1 tomada en cuenta.<\/li>\n<li>Las solicitudes de becas recibidas ser\u00e1n evaluadas una vez cerrado el per\u00edodo de presentaci\u00f3n. Dentro de la semana previa al inicio del curso se comunicar\u00e1n los resultados a los postulantes.<\/li>\n<li>La aceptaci\u00f3n de cualquier tipo de beca otorgada por el Centro REDES implica el compromiso expreso del becario de cumplir con todas las instancias del curso, participaciones y presentaci\u00f3n de las evaluaciones necesarias para su aprobaci\u00f3n.<\/li>\n<li>El Centro REDES publicar\u00e1 en su web la n\u00f3mina de beneficiarios de su programa de becas y la instituci\u00f3n a la que pertenencen. La aceptaci\u00f3n de ambos tipos de beca implica la conformidad por parte del beneficiario respecto de ser incluido en la publicaci\u00f3n de dicha n\u00f3mina.<\/li>\n<\/ul>\n<h3>Extracto de la postulaci\u00f3n:<\/h3>\n<ol>\n<li><strong>Inscribirse al curso al que se postula (no abonar), sino la postulaci\u00f3n <span style=\"color: #ff0000;\">ser\u00e1 desestimada<\/span>.<\/strong><\/li>\n<li>Realizar la presentaci\u00f3n hasta 10 (diez) d\u00edas antes del comienzo del curso al que se postula y mientras est\u00e1 abierta la inscripci\u00f3n.<\/li>\n<li>No realizar m\u00e1s de una postulaci\u00f3n a becas en un mismo semestre.<\/li>\n<li>Completar todos los datos solicitados en el formulario de solicitud de becas.<\/li>\n<li>Adjuntar al formulario una carta breve del postulante con los fundamentos de su solicitud.<\/li>\n<li>Adjuntar al formulario una nota de aval institucional de la entidad donde desarrolla sus actividades.<\/li>\n<li>Adjuntar al formulario el Curr\u00edculum Vitae.<\/li>\n<\/ol>\n<p>&nbsp;<\/p>\n<h3><u>Importante<\/u>:<\/h3>\n<p><strong>a)\u00a0<\/strong>Durante el proceso de selecci\u00f3n de las becas el Centro REDES reserva el cupo necesario de vacantes para que aquellos postulantes inscriptos y no seleccionados para una beca puedan optar por realizar el curso de forma arancelada, al valor vigente al momento de abonar. Las postulaciones a becas no implican la reserva de valores promocionales vencidos que pudieran definirse en las distintas etapas del a\u00f1o.<\/p>\n<p><strong>b)<\/strong>\u00a0Los cursos podr\u00e1n cerrar su inscripci\u00f3n antes de la fecha establecida en caso de completarse el cupo de alumnos, en dicho caso quedar\u00e1 tambi\u00e9n cerrada la posibilidad de nuevas postulaciones a becas para el curso. Se recomienda realizar la inscripci\u00f3n al curso lo antes posible para poder recibir las notificaciones que se cursen oportunamente a los inscriptos y luego no dejar las postulaciones a becas para \u00faltimo momento.<\/td>\n<\/tr>\n<tr>\n<td colspan=\"3\" height=\"10\"><\/td>\n<\/tr>\n<tr>\n<td colspan=\"3\">\n<h2><strong>\u00a0Criterios para el otorgamiento de becas<\/strong><\/h2>\n<\/td>\n<\/tr>\n<tr>\n<td colspan=\"3\" height=\"10\"><\/td>\n<\/tr>\n<tr>\n<td colspan=\"3\" height=\"10\">El Comit\u00e9 del Programa de Becas del Centro REDES analizar\u00e1 cada presentaci\u00f3n para determinar el cumplimiento de los requisitos establecidos. De esta forma se determina para cada curso el grupo de candidatos elegibles para el otorgamiento de las becas a las que se postulan. Una vez establecida dicha n\u00f3mina se realiza una selecci\u00f3n aleatoria que garantice la transparencia e igualdad de oportunidad de todos los postulantes. Se ponderar\u00e1n las presentaciones de candidatos de la regi\u00f3n iberoamericana y\/o de instituciones del \u00e1rea cient\u00edfico tecnol\u00f3gica.<\/p>\n<p>El Centro REDES promueve la presentaci\u00f3n de candidatos que est\u00e9n en condiciones de:<\/p>\n<ul>\n<li><b>Aplicar los conocimientos adquiridos:<\/b><\/li>\n<\/ul>\n<p>Posibilidad del postulante para aplicar en su desarrollo laboral los conocimientos e instrumentos obtenidos en el curso.<\/p>\n<ul>\n<li><b>Transferir los conocimientos adquiridos:<\/b><\/li>\n<\/ul>\n<p>Posibilidad del postulante para replicar a terceros los conocimientos e instrumentos obtenidos en el curso.<\/td>\n<\/tr>\n<tr>\n<td class=\"tituloCapacitacion\" colspan=\"3\"><\/td>\n<\/tr>\n<tr>\n<td colspan=\"3\">\n<h2><strong>\u00a0Postulaciones<\/strong><\/h2>\n<\/td>\n<\/tr>\n<tr>\n<td class=\"parrafo3\" colspan=\"3\"><\/td>\n<\/tr>\n<tr>\n<td height=\"10\">Para postularse a una beca del Centro REDES debe completar el <a href=\"https:\/\/centroredes.org.ar\/index.php\/cursos\/programa-de-becas\/formulario-solicitud-beca\/\">siguiente formulario <i class=\"fa fa-file-text-o\" aria-hidden=\"true\"><\/i><\/a><\/p>\n<p><a href=\"https:\/\/centroredes.org.ar\/index.php\/cursos\/programa-de-becas\/beneficiarios\/\"><strong>Consulte aqu\u00ed la n\u00f3mina de Beneficiarios<\/strong><\/a><\/td>\n<td rowspan=\"1\" height=\"10\"><\/td>\n<td><\/td>\n<\/tr>\n<tr>\n<td class=\"tituloCapacitacion\" colspan=\"3\"><\/td>\n<\/tr>\n<tr>\n<td colspan=\"3\" height=\"10\">Para m\u00e1s informaci\u00f3n:\u00a0<strong><u><span style=\"color: #0066cc;\"><a href=\"mailto:becas@centroredes.org.ar\">becas@centroredes.org.ar<\/a><\/span><\/u><\/strong><\/td>\n<\/tr>\n<\/tbody>\n<\/table>\n<p>&nbsp;<\/p>\n","protected":false},"excerpt":{"rendered":"<p>&nbsp; Objetivo y Alcance El programa de becas del Centro REDES tiene por objeto llevar adelante una medida de apoyo &hellip; <\/p>\n","protected":false},"author":1,"featured_media":1502,"parent":197,"menu_order":0,"comment_status":"closed","ping_status":"closed","template":"","meta":{"_acf_changed":false,"_uag_custom_page_level_css":"","footnotes":""},"class_list":["post-321","page","type-page","status-publish","has-post-thumbnail","hentry"],"acf":[],"uagb_featured_image_src":{"full":["https:\/\/centroredes.org.ar\/wp-content\/uploads\/2018\/02\/banner-becas2-compr.png",737,165,false],"thumbnail":["https:\/\/centroredes.org.ar\/wp-content\/uploads\/2018\/02\/banner-becas2-compr-150x150.png",150,150,true],"medium":["https:\/\/centroredes.org.ar\/wp-content\/uploads\/2018\/02\/banner-becas2-compr-300x67.png",300,67,true],"medium_large":["https:\/\/centroredes.org.ar\/wp-content\/uploads\/2018\/02\/banner-becas2-compr.png",737,165,false],"large":["https:\/\/centroredes.org.ar\/wp-content\/uploads\/2018\/02\/banner-becas2-compr.png",737,165,false],"tf-client-image-size":["https:\/\/centroredes.org.ar\/wp-content\/uploads\/2018\/02\/banner-becas2-compr.png",120,27,false],"1536x1536":["https:\/\/centroredes.org.ar\/wp-content\/uploads\/2018\/02\/banner-becas2-compr.png",737,165,false],"2048x2048":["https:\/\/centroredes.org.ar\/wp-content\/uploads\/2018\/02\/banner-becas2-compr.png",737,165,false],"trp-custom-language-flag":["https:\/\/centroredes.org.ar\/wp-content\/uploads\/2018\/02\/banner-becas2-compr.png",18,4,false],"widget-thumbnail":["https:\/\/centroredes.org.ar\/wp-content\/uploads\/2018\/02\/banner-becas2-compr.png",75,17,false],"education-zone-banner":["https:\/\/centroredes.org.ar\/wp-content\/uploads\/2018\/02\/banner-becas2-compr.png",737,165,false],"education-zone-image-full":["https:\/\/centroredes.org.ar\/wp-content\/uploads\/2018\/02\/banner-becas2-compr.png",737,165,false],"education-zone-image":["https:\/\/centroredes.org.ar\/wp-content\/uploads\/2018\/02\/banner-becas2-compr.png",737,165,false],"education-zone-recent-post":["https:\/\/centroredes.org.ar\/wp-content\/uploads\/2018\/02\/banner-becas2-compr-70x70.png",70,70,true],"education-zone-search-result":["https:\/\/centroredes.org.ar\/wp-content\/uploads\/2018\/02\/banner-becas2-compr-246x165.png",246,165,true],"education-zone-featured-course":["https:\/\/centroredes.org.ar\/wp-content\/uploads\/2018\/02\/banner-becas2-compr-276x165.png",276,165,true],"education-zone-testimonial":["https:\/\/centroredes.org.ar\/wp-content\/uploads\/2018\/02\/banner-becas2-compr-125x125.png",125,125,true],"education-zone-blog-full":["https:\/\/centroredes.org.ar\/wp-content\/uploads\/2018\/02\/banner-becas2-compr.png",737,165,false],"sow-carousel-default":["https:\/\/centroredes.org.ar\/wp-content\/uploads\/2018\/02\/banner-becas2-compr-272x165.png",272,165,true]},"uagb_author_info":{"display_name":"geminis","author_link":"https:\/\/centroredes.org.ar\/index.php\/author\/geminis\/"},"uagb_comment_info":0,"uagb_excerpt":"&nbsp; Objetivo y Alcance El programa de becas del Centro REDES tiene por objeto llevar adelante una medida de apoyo &hellip;","rttpg_featured_image_url":{"full":["https:\/\/centroredes.org.ar\/wp-content\/uploads\/2018\/02\/banner-becas2-compr.png",737,165,false],"landscape":["https:\/\/centroredes.org.ar\/wp-content\/uploads\/2018\/02\/banner-becas2-compr.png",737,165,false],"portraits":["https:\/\/centroredes.org.ar\/wp-content\/uploads\/2018\/02\/banner-becas2-compr.png",737,165,false],"thumbnail":["https:\/\/centroredes.org.ar\/wp-content\/uploads\/2018\/02\/banner-becas2-compr-150x150.png",150,150,true],"medium":["https:\/\/centroredes.org.ar\/wp-content\/uploads\/2018\/02\/banner-becas2-compr-300x67.png",300,67,true],"large":["https:\/\/centroredes.org.ar\/wp-content\/uploads\/2018\/02\/banner-becas2-compr.png",737,165,false],"tf-client-image-size":["https:\/\/centroredes.org.ar\/wp-content\/uploads\/2018\/02\/banner-becas2-compr.png",120,27,false],"1536x1536":["https:\/\/centroredes.org.ar\/wp-content\/uploads\/2018\/02\/banner-becas2-compr.png",737,165,false],"2048x2048":["https:\/\/centroredes.org.ar\/wp-content\/uploads\/2018\/02\/banner-becas2-compr.png",737,165,false],"trp-custom-language-flag":["https:\/\/centroredes.org.ar\/wp-content\/uploads\/2018\/02\/banner-becas2-compr.png",18,4,false],"widget-thumbnail":["https:\/\/centroredes.org.ar\/wp-content\/uploads\/2018\/02\/banner-becas2-compr.png",75,17,false],"education-zone-banner":["https:\/\/centroredes.org.ar\/wp-content\/uploads\/2018\/02\/banner-becas2-compr.png",737,165,false],"education-zone-image-full":["https:\/\/centroredes.org.ar\/wp-content\/uploads\/2018\/02\/banner-becas2-compr.png",737,165,false],"education-zone-image":["https:\/\/centroredes.org.ar\/wp-content\/uploads\/2018\/02\/banner-becas2-compr.png",737,165,false],"education-zone-recent-post":["https:\/\/centroredes.org.ar\/wp-content\/uploads\/2018\/02\/banner-becas2-compr-70x70.png",70,70,true],"education-zone-search-result":["https:\/\/centroredes.org.ar\/wp-content\/uploads\/2018\/02\/banner-becas2-compr-246x165.png",246,165,true],"education-zone-featured-course":["https:\/\/centroredes.org.ar\/wp-content\/uploads\/2018\/02\/banner-becas2-compr-276x165.png",276,165,true],"education-zone-testimonial":["https:\/\/centroredes.org.ar\/wp-content\/uploads\/2018\/02\/banner-becas2-compr-125x125.png",125,125,true],"education-zone-blog-full":["https:\/\/centroredes.org.ar\/wp-content\/uploads\/2018\/02\/banner-becas2-compr.png",737,165,false],"sow-carousel-default":["https:\/\/centroredes.org.ar\/wp-content\/uploads\/2018\/02\/banner-becas2-compr-272x165.png",272,165,true]},"rttpg_author":{"display_name":"geminis","author_link":"https:\/\/centroredes.org.ar\/index.php\/author\/geminis\/"},"rttpg_comment":0,"rttpg_category":null,"rttpg_excerpt":"&nbsp; Objetivo y Alcance El programa de becas del Centro REDES tiene por objeto llevar adelante una medida de apoyo &hellip;","_links":{"self":[{"href":"https:\/\/centroredes.org.ar\/index.php\/wp-json\/wp\/v2\/pages\/321","targetHints":{"allow":["GET"]}}],"collection":[{"href":"https:\/\/centroredes.org.ar\/index.php\/wp-json\/wp\/v2\/pages"}],"about":[{"href":"https:\/\/centroredes.org.ar\/index.php\/wp-json\/wp\/v2\/types\/page"}],"author":[{"embeddable":true,"href":"https:\/\/centroredes.org.ar\/index.php\/wp-json\/wp\/v2\/users\/1"}],"replies":[{"embeddable":true,"href":"https:\/\/centroredes.org.ar\/index.php\/wp-json\/wp\/v2\/comments?post=321"}],"version-history":[{"count":11,"href":"https:\/\/centroredes.org.ar\/index.php\/wp-json\/wp\/v2\/pages\/321\/revisions"}],"predecessor-version":[{"id":5611,"href":"https:\/\/centroredes.org.ar\/index.php\/wp-json\/wp\/v2\/pages\/321\/revisions\/5611"}],"up":[{"embeddable":true,"href":"https:\/\/centroredes.org.ar\/index.php\/wp-json\/wp\/v2\/pages\/197"}],"wp:featuredmedia":[{"embeddable":true,"href":"https:\/\/centroredes.org.ar\/index.php\/wp-json\/wp\/v2\/media\/1502"}],"wp:attachment":[{"href":"https:\/\/centroredes.org.ar\/index.php\/wp-json\/wp\/v2\/media?parent=321"}],"curies":[{"name":"wp","href":"https:\/\/api.w.org\/{rel}","templated":true}]}}